 is the highest common divisor of 955 and 5?
5
Calculate the greatest common factor of 168 and 432.
24
What is the highest common divisor of 900 and 19980?
180
What is the highest common divisor of 105 and 147?
21
What is the highest common divisor of 1764 and 84?
84
Calculate the greatest common factor of 264 and 168.
24
Calculate the greatest common factor of 180 and 10.
10
What is the greatest common factor of 752 and 846?
94
What is the highest common divisor of 4522 and 1216?
38
What is the greatest common factor of 35237 and 211?
211
What is the greatest common factor of 11832 and 87?
87
What is the greatest common divisor of 9695 and 554?
277
Calculate the highest common divisor of 6 and 1227.
3
What is the highest common divisor of 242 and 264?
22
What is the greatest common factor of 34 and 51?
17
What is the highest common divisor of 187 and 918?
17
Calculate the highest common factor of 18 and 45.
9
What is the highest common divisor of 8241 and 82?
41
What is the greatest common factor of 377 and 78?
13
Calculate the highest common divisor of 504 and 360.
72
What is the greatest common divisor of 18 and 31014?
18
What is the highest common divisor of 660 and 600?
60
What is the highest common factor of 320 and 5?
5
What is the greatest common divisor of 537 and 6?
3
Calculate the highest common factor of 1813 and 14.
7
What is the highest common divisor of 792 and 16?
8
Calculate the highest common factor of 915 and 105.
15
Calculate the greatest common factor of 31 and 1426.
31
Calculate the greatest common divisor of 6413 and 121.
121
What is the highest common divisor of 300 and 160?
20
What is the greatest common divisor of 5 and 640?
5
What is the greatest common factor of 18 and 558?
18
Calculate the greatest common divisor of 3 and 849.
3
What is the greatest common divisor of 40 and 1820?
20
What is the greatest common divisor of 5468 and 4?
4
Calculate the highest common divisor of 324 and 756.
108
Calculate the greatest common divisor of 186 and 5487.
93
Calculate the highest common divisor of 694 and 6.
2
Calculate the highest common factor of 6 and 279.
3
Calculate the highest common factor of 632 and 1106.
158
What is the greatest common factor of 1264 and 16?
16
What is the greatest common divisor of 250 and 20?
10
Calculate the greatest common factor of 318 and 14787.
159
Calculate the greatest common divisor of 19 and 95.
19
What is the greatest common factor of 77 and 3157?
77
What is the highest common factor of 1379 and 7?
7
What is the greatest common factor of 8 and 40?
8
What is the highest common factor of 596 and 8?
4
What is the greatest common divisor of 308 and 3542?
154
Calculate the greatest common divisor of 378 and 28.
14
Calculate the highest common divisor of 14196 and 21.
21
What is the highest common factor of 128 and 24?
8
Calculate the highest common divisor of 35 and 605.
5
What is the highest common factor of 294 and 784?
98
What is the highest common factor of 426 and 48?
6
Calculate the greatest common factor of 18 and 678.
6
Calculate the highest common divisor of 318 and 1007.
53
What is the highest common divisor of 96 and 6?
6
Calculate the greatest common divisor of 156 and 884.
52
What is the greatest common factor of 133 and 35?
7
Calculate the highest common factor of 123 and 533.
41
Calculate the highest common factor of 228 and 399.
57
Calculate the greatest common factor of 253 and 264.
11
Calculate the highest common divisor of 426 and 42.
6
Calculate the greatest common factor of 4 and 774.
2
Calculate the greatest common factor of 110 and 176.
22
What is the highest common divisor of 721 and 70?
7
What is the highest common divisor of 2028 and 24?
12
What is the greatest common divisor of 126 and 9891?
63
What is the greatest common factor of 551 and 95?
19
What is the greatest common divisor of 20 and 2780?
20
Calculate the highest common divisor of 9 and 225.
9
Calculate the highest common factor of 47 and 564.
47
What is the greatest common factor of 19 and 3173?
19
What is the highest common divisor of 105 and 1785?
105
What is the highest common factor of 95 and 10?
5
Calculate the highest common factor of 36 and 612.
36
Calculate the greatest common factor of 448 and 1856.
64
What is the highest common factor of 1562 and 22?
22
What is the highest common factor of 240 and 640?
80
What is the greatest common divisor of 9 and 603?
9
Calculate the highest common divisor of 32 and 72.
8
Calculate the highest common divisor of 12173 and 777.
259
Calculate the highest common factor of 72 and 12456.
72
Calculate the highest common factor of 70 and 1890.
70
Calculate the greatest common divisor of 5 and 115.
5
What is the highest common factor of 2430 and 10?
10
What is the highest common divisor of 74 and 555?
37
Calculate the highest common factor of 462 and 63.
21
What is the highest common divisor of 513 and 38?
19
Calculate the highest common divisor of 24 and 168.
24
Calculate the highest common factor of 33 and 88.
11
Calculate the greatest common divisor of 7 and 674.
1
What is the highest common factor of 358 and 10?
2
What is the highest common factor of 108 and 2484?
108
What is the highest common divisor of 3496 and 368?
184
What is the highest common factor of 74 and 3922?
74
What is the highest common divisor of 41 and 902?
41
Calculate the highest common divisor of 65 and 39.
13
Calculate the greatest common divisor of 551 and 1957.
19
Calculate the highest common divisor of 233 and 163100.
233
Calculate the highest common divisor of 378 and 27.
27
What is the greatest common factor of 48 and 246?
6
Calculate the greatest common divisor of 5 and 5.
5
What is the greatest common factor of 24 and 684?
12
Calculate the highest common factor of 43 and 817.
43
Calculate the highest common factor of 12 and 18.
6
Calculate the greatest common divisor of 21 and 343.
7
Calculate the highest common factor of 45 and 2385.
45
What is the greatest common divisor of 722 and 19?
19
Calculate the greatest common factor of 9213 and 166.
83
What is the highest common divisor of 2106 and 156?
78
Calculate the highest common divisor of 36 and 48.
12
Calculate the greatest common factor of 200 and 20.
20
What is the highest common factor of 391 and 17?
17
Calculate the greatest common divisor of 55 and 55.
55
What is the highest common factor of 924 and 588?
84
What is the highest common factor of 1900 and 800?
100
Calculate the highest common divisor of 95 and 25.
5
What is the greatest common divisor of 46 and 713?
23
Calculate the greatest common divisor of 119 and 952.
119
What is the highest common factor of 235 and 3619?
47
What is the highest common divisor of 8109 and 9?
9
Calculate the greatest common factor of 67 and 6.
1
What is the greatest common divisor of 23 and 1702?
23
What is the highest common factor of 5373 and 1592?
199
Calculate the highest common divisor of 16 and 1168.
16
What is the highest common factor of 7203 and 21?
21
What is the highest common factor of 125 and 1015?
5
What is the highest common divisor of 72 and 135?
9
Calculate the highest common factor of 10 and 1070.
10
Calculate the highest common divisor of 216 and 153.
9
Calculate the greatest common factor of 169 and 13.
13
What is the greatest common factor of 74063 and 11?
11
Calculate the highest common factor of 1218 and 56.
14
Calculate the greatest common divisor of 24 and 174.
6
Calculate the highest common factor of 7098 and 126.
42
Calculate the greatest common factor of 825 and 300.
75
What is the greatest common divisor of 520 and 232?
8
What is the highest common factor of 125 and 225?
25
What is the greatest common divisor of 64 and 2272?
32
What is the greatest common factor of 115 and 368?
23
Calculate the highest common divisor of 131 and 23711.
131
Calculate the highest common factor of 6656 and 104.
104
What is the greatest common divisor of 63 and 147?
21
What is the highest common divisor of 320 and 7520?
160
Calculate the highest common factor of 16 and 2224.
16
What is the greatest common factor of 72 and 1896?
24
What is the highest common divisor of 175 and 7?
7
Calculate the greatest common divisor of 680 and 320.
40
Calculate the greatest common factor of 77 and 1070